{"id":1846,"date":"2020-11-16T18:21:18","date_gmt":"2020-11-17T00:21:18","guid":{"rendered":"https:\/\/santiagogalvan.com\/?page_id=1846"},"modified":"2020-11-23T21:08:13","modified_gmt":"2020-11-24T03:08:13","slug":"conocenos","status":"publish","type":"page","link":"https:\/\/santiagogalvan.com\/index.php\/conocenos\/","title":{"rendered":"Con\u00f3cenos"},"content":{"rendered":"<p>[vc_row][vc_column][vc_column_text]<\/p>\n<h2>HISTORIA<\/h2>\n<p>La firma SG&amp;C nace en la ciudad de San Luis Potos\u00ed en el a\u00f1o de 2002, siendo resultado de una escisi\u00f3n -tersa y consensuada- de otra firma de asesores corporativos especializados en materia contributiva, contable y administrativa.<\/p>\n<p>Los socios fundadores de la empresa original, tambi\u00e9n de SG&amp;C, a finales de los a\u00f1os 90 deciden separar el \u00e1rea contable del \u00e1rea de consultor\u00eda con la idea de la especializaci\u00f3n en materia tributaria y la incorporaci\u00f3n de un nuevo servicio: la defensa fiscal. Con \u00e9sta idea nace SG&amp;C aunque, finalmente y con el transcurso del tiempo, permanece con todas las \u00e1reas activas y opta por ofrecer un servicio integral al empresario, celebrando inclusive algunas alianzas con especialistas para complementar y, sobretodo, para asegurar que quien lleva a cabo cada labor, cuenta con la experiencia necesaria para hacerlo con calidad, profesionalismo y \u00e9tica<br \/>\n.<br \/>\nAs\u00ed, desde el 2002 la empresa se ha dedicado a la pr\u00e1ctica del litigio fiscal contra las resoluciones que causen da\u00f1o patrimonial a empresarios, nacionales y extranjeros, emitidas por diversas autoridades administrativas, tales como el Servicio de Administraci\u00f3n Tributaria (incluyendo Aduanas), el Instituto Mexicano del Seguro Social, El Instituto Nacional del Fondo para la Vivienda de los Trabajadores, la Comisi\u00f3n Nacional de Agua y por todas aquellas autoridades locales que tengan convenio de colaboraci\u00f3n administrativa con el Servicio de Administraci\u00f3n Tributaria para efectos de contribuciones federales y tambi\u00e9n, por sus propias contribuciones locales.<\/p>\n<p>De igual forma, en el \u00e1rea de consultor\u00eda, se ha especializado en el dise\u00f1o de estrategias y f\u00f3rmulas para incrementar las utilidades de las empresas, sus clientes, a trav\u00e9s de la optimizaci\u00f3n legal en contribuciones, fomentando en todo momento, la solidez de su patrimonio o capital mediante el cumplimiento cabal de sus obligaciones en materia tributaria,<\/p>\n<p>Actualmente se cuenta con oficinas en la Ciudad de San Luis Potos\u00ed y corresponsal\u00edas en diversas partes de la Rep\u00fablica para poder atender, presencialmente y v\u00eda remota, a clientes en diversas entidades de la Rep\u00fablica Mexicana y sus filiales en el extranjero.<\/p>\n<h2>MISI\u00d3N<\/h2>\n<p>Trascender en la prestaci\u00f3n de servicios personalizados de Consultor\u00eda, Ingenier\u00eda Corporativa y Defensa Fiscal, a empresas nacionales y extranjeras en M\u00e9xico, enfocada a la satisfacci\u00f3n de las necesidades profesionales patrimoniales y tributarias de sus clientes dentro del marco legal, llegando a convertirse en un consultor estrat\u00e9gico indispensable para brindar certeza del adecuado compliance fiscal y el blindaje de su capital social y\/o patrimonio frente a contingencias fiscales.<\/p>\n<h2>VISI\u00d3N<\/h2>\n<p>Continuar vigentes como consecuencia de la pr\u00e1ctica permanente de la prestaci\u00f3n de servicios de calidad, profesionales, actualizados, con \u00e9tica y oportunidad al lado de empresarios de \u00e9xito que conf\u00edan, recomiendan y validan nuestra filosof\u00eda de trabajo, resultados y personal profesional.<\/p>\n<h2>VALORES<\/h2>\n<p>\u00c9tica y Servicio. La cultura de servicio de la firma acompa\u00f1ada de altos est\u00e1ndares de profesionalismo, compromiso, confidencialidad y proactividad, representan la identidad de la firma, a la luz de la evaluaci\u00f3n de resultados obtenidos por nuestros clientes.[\/vc_column_text][\/vc_column][\/vc_row]<\/p>\n","protected":false},"excerpt":{"rendered":"<p>[vc_row][vc_column][vc_column_text] HISTORIA La firma SG&amp;C nace en la ciudad de San Luis Potos\u00ed en el a\u00f1o de 2002, siendo resultado de una escisi\u00f3n -tersa y consensuada- de otra firma de asesores corporativos especializados en materia contributiva, contable y administrativa. Los socios fundadores de la empresa original, tambi\u00e9n de SG&amp;C, a finales de los a\u00f1os 90 [&hellip;]<\/p>\n","protected":false},"author":1,"featured_media":0,"parent":0,"menu_order":0,"comment_status":"closed","ping_status":"closed","template":"","meta":[],"_links":{"self":[{"href":"https:\/\/santiagogalvan.com\/index.php\/wp-json\/wp\/v2\/pages\/1846"}],"collection":[{"href":"https:\/\/santiagogalvan.com\/index.php\/wp-json\/wp\/v2\/pages"}],"about":[{"href":"https:\/\/santiagogalvan.com\/index.php\/wp-json\/wp\/v2\/types\/page"}],"author":[{"embeddable":true,"href":"https:\/\/santiagogalvan.com\/index.php\/wp-json\/wp\/v2\/users\/1"}],"replies":[{"embeddable":true,"href":"https:\/\/santiagogalvan.com\/index.php\/wp-json\/wp\/v2\/comments?post=1846"}],"version-history":[{"count":3,"href":"https:\/\/santiagogalvan.com\/index.php\/wp-json\/wp\/v2\/pages\/1846\/revisions"}],"predecessor-version":[{"id":1921,"href":"https:\/\/santiagogalvan.com\/index.php\/wp-json\/wp\/v2\/pages\/1846\/revisions\/1921"}],"wp:attachment":[{"href":"https:\/\/santiagogalvan.com\/index.php\/wp-json\/wp\/v2\/media?parent=1846"}],"curies":[{"name":"wp","href":"https:\/\/api.w.org\/{rel}","templated":true}]}}