{"id":1915,"date":"2020-11-23T21:02:56","date_gmt":"2020-11-24T03:02:56","guid":{"rendered":"https:\/\/santiagogalvan.com\/?page_id=1915"},"modified":"2020-11-23T21:02:56","modified_gmt":"2020-11-24T03:02:56","slug":"advertencia","status":"publish","type":"page","link":"https:\/\/santiagogalvan.com\/index.php\/advertencia\/","title":{"rendered":"Advertencia"},"content":{"rendered":"<p>[vc_row][vc_column]    <div class=\"tinos-headingtitle\">\r\n        <div class=\"default text-left\">\r\n                                    <div class=\"txt\"><h2>Advertencia<\/h2>\n<\/div>\r\n        <\/div>\r\n    <\/div>\r\n    [vc_column_text]La opini\u00f3n, conclusi\u00f3n y\/o posturas plasmadas en cualquier documento, archivo, presentaci\u00f3n, audio o medio similar contenido en \u00e9ste sitio, mismo que puede llegar a considerarse como la materializaci\u00f3n de la consultor\u00eda, asesor\u00eda o consejo brindados por quien lo firma o por los titulares de \u00e9sta p\u00e1gina web, constituye \u00fanica y exclusivamente su interpretaci\u00f3n unilateral y personal de cada uno de los temas sobre los que versa o implica dicho documento, as\u00ed como aquellos de los que deriva, complementa o generar\u00e1 sobre el mismo tema o temas vinculados; por lo expuesto, en calidad de tercero del contribuyente, expresamente se manifiesta que de ninguna manera se ubica o pretende ubicarse dentro de las hip\u00f3tesis previstas en las fracciones I, II y III del Art\u00edculo 89 del C\u00f3digo Fiscal de la Federaci\u00f3n.<br \/>\nEn raz\u00f3n de lo anterior, el contenido de \u00e9ste sitio web, inclusive cuando pudiera llegar a ser contrario o distinto a la interpretaci\u00f3n de las autoridades fiscales, o llegar a considerarse diverso a los criterios dados a conocer por cualquier autoridad fiscal al amparo del inciso h) de la fracci\u00f3n I del Art\u00edculo 33 del citado ordenamiento legal, no fue confeccionado ni para omitir total o parcialmente el pago de alguna contribuci\u00f3n en contravenci\u00f3n a las disposiciones fiscales, ni para colaborar en la alteraci\u00f3n o la inscripci\u00f3n de cuentas, asientos o datos falsos en la contabilidad o en los documentos que se expidan por o para el contribuyente ni, mucho menos, ser c\u00f3mplice en cualquier forma no prevista, en la comisi\u00f3n de infracciones fiscales.[\/vc_column_text][\/vc_column][\/vc_row]<\/p>\n","protected":false},"excerpt":{"rendered":"<p>[vc_row][vc_column][vc_column_text]La opini\u00f3n, conclusi\u00f3n y\/o posturas plasmadas en cualquier documento, archivo, presentaci\u00f3n, audio o medio similar contenido en \u00e9ste sitio, mismo que puede llegar a considerarse como la materializaci\u00f3n de la consultor\u00eda, asesor\u00eda o consejo brindados por quien lo firma o por los titulares de \u00e9sta p\u00e1gina web, constituye \u00fanica y exclusivamente su interpretaci\u00f3n unilateral y [&hellip;]<\/p>\n","protected":false},"author":1,"featured_media":0,"parent":0,"menu_order":0,"comment_status":"closed","ping_status":"closed","template":"","meta":[],"_links":{"self":[{"href":"https:\/\/santiagogalvan.com\/index.php\/wp-json\/wp\/v2\/pages\/1915"}],"collection":[{"href":"https:\/\/santiagogalvan.com\/index.php\/wp-json\/wp\/v2\/pages"}],"about":[{"href":"https:\/\/santiagogalvan.com\/index.php\/wp-json\/wp\/v2\/types\/page"}],"author":[{"embeddable":true,"href":"https:\/\/santiagogalvan.com\/index.php\/wp-json\/wp\/v2\/users\/1"}],"replies":[{"embeddable":true,"href":"https:\/\/santiagogalvan.com\/index.php\/wp-json\/wp\/v2\/comments?post=1915"}],"version-history":[{"count":1,"href":"https:\/\/santiagogalvan.com\/index.php\/wp-json\/wp\/v2\/pages\/1915\/revisions"}],"predecessor-version":[{"id":1916,"href":"https:\/\/santiagogalvan.com\/index.php\/wp-json\/wp\/v2\/pages\/1915\/revisions\/1916"}],"wp:attachment":[{"href":"https:\/\/santiagogalvan.com\/index.php\/wp-json\/wp\/v2\/media?parent=1915"}],"curies":[{"name":"wp","href":"https:\/\/api.w.org\/{rel}","templated":true}]}}